{"id":38,"date":"2025-02-11T09:38:03","date_gmt":"2025-02-11T08:38:03","guid":{"rendered":"https:\/\/webabc.info\/docs\/?page_id=38"},"modified":"2025-02-11T09:39:32","modified_gmt":"2025-02-11T08:39:32","slug":"kategorievorschlag","status":"publish","type":"page","link":"https:\/\/webabc.info\/docs\/kategorievorschlag\/","title":{"rendered":"Kategorievorschlag"},"content":{"rendered":"\n<p>Haben Sie eine Kategorie, die in unserem Webverzeichnis fehlt? Helfen Sie uns, WebABC.info noch besser zu machen! Wir freuen uns \u00fcber Ihre Vorschl\u00e4ge f\u00fcr neue und passende Kategorien, um unser Verzeichnis weiter auszubauen und noch gezieltere Suchm\u00f6glichkeiten zu bieten.<\/p>\n\n\n\n<p><strong>Ihr Vorschlag wird belohnt!<\/strong><br>Jeder akzeptierte Kategorievorschlag wird von uns mit einem&nbsp;<strong>50% Gutschein<\/strong>&nbsp;honoriert, den Sie f\u00fcr einen Webkatalog-Eintrag auf WebABC.info einl\u00f6sen k\u00f6nnen.<\/p>\n\n\n\n<p>Nutzen Sie jetzt die Chance, das Webverzeichnis aktiv mitzugestalten und profitieren Sie von einem verg\u00fcnstigten Eintrag!<\/p>\n\n\n\n<p>Senden Sie uns Ihre Vorschl\u00e4ge ganz einfach \u00fcber unser Kontaktformular oder per E-Mail an info@webabc.info. Wir pr\u00fcfen jeden Vorschlag sorgf\u00e4ltig und setzen uns mit Ihnen in Verbindung.<\/p>\n\n\n\n<div class=\"wp-block-contact-form-7-contact-form-selector\">\n<div class=\"wpcf7 no-js\" id=\"wpcf7-f41-o1\" lang=\"de-DE\" dir=\"ltr\" data-wpcf7-id=\"41\">\n<div class=\"screen-reader-response\"><p role=\"status\" aria-live=\"polite\" aria-atomic=\"true\"><\/p> <ul><\/ul><\/div>\n<form action=\"\/docs\/wp-json\/wp\/v2\/pages\/38#wpcf7-f41-o1\" method=\"post\" class=\"wpcf7-form init\" aria-label=\"Kontaktformular\" novalidate=\"novalidate\" data-status=\"init\">\n<fieldset class=\"hidden-fields-container\"><input type=\"hidden\" name=\"_wpcf7\" value=\"41\" \/><input type=\"hidden\" name=\"_wpcf7_version\" value=\"6.1.5\" \/><input type=\"hidden\" name=\"_wpcf7_locale\" value=\"de_DE_formal\" \/><input type=\"hidden\" name=\"_wpcf7_unit_tag\" value=\"wpcf7-f41-o1\" \/><input type=\"hidden\" name=\"_wpcf7_container_post\" value=\"0\" \/><input type=\"hidden\" name=\"_wpcf7_posted_data_hash\" value=\"\" \/>\n<\/fieldset>\n<div class=\"wpcf7-turnstile cf-turnstile\" data-sitekey=\"0x4AAAAAACv4QHeYbRXq0CQR\" data-response-field-name=\"_wpcf7_turnstile_response\"><\/div>\n\n<p><label> Hauptkateorie: <small>(Die Hauptkateorie wurde vom Webkatalog \u00fcbermittelt und kann nicht ge\u00e4ndert werden.)<\/small><br \/>\n<span class=\"wpcf7-form-control-wrap\" data-name=\"category\"><input size=\"40\" maxlength=\"400\" class=\"wpcf7-form-control wpcf7-text wpcf7-validates-as-required\" readonly=\"readonly\" aria-required=\"true\" aria-invalid=\"false\" value=\"\" type=\"text\" name=\"category\" \/><\/span> <\/label>\n<\/p>\n<p><label> Ihr Kategorie Vorschlag:<br \/>\n<span class=\"wpcf7-form-control-wrap\" data-name=\"kategorievorschlag\"><input size=\"40\" maxlength=\"400\" class=\"wpcf7-form-control wpcf7-text wpcf7-validates-as-required\" aria-required=\"true\" aria-invalid=\"false\" value=\"\" type=\"text\" name=\"kategorievorschlag\" \/><\/span> <\/label>\n<\/p>\n<p><label> Haben Sie eine Webseite die Sie in diese Kategorie eintragen wollen?<br \/>\n<span class=\"wpcf7-form-control-wrap\" data-name=\"webseite-vorhanden\"><select class=\"wpcf7-form-control wpcf7-select wpcf7-validates-as-required\" aria-required=\"true\" aria-invalid=\"false\" name=\"webseite-vorhanden\"><option value=\"Ja\">Ja<\/option><option value=\"Nein\">Nein<\/option><\/select><\/span> <\/label>\n<\/p>\n<p><label> Ihre Webseiten Url:<br \/>\n<span class=\"wpcf7-form-control-wrap\" data-name=\"website-url\"><input size=\"40\" maxlength=\"400\" class=\"wpcf7-form-control wpcf7-url wpcf7-text wpcf7-validates-as-url\" aria-invalid=\"false\" value=\"\" type=\"url\" name=\"website-url\" \/><\/span> <\/label>\n<\/p>\n<p><label> Ihr Name:<br \/>\n<span class=\"wpcf7-form-control-wrap\" data-name=\"your-name\"><input size=\"40\" maxlength=\"400\" class=\"wpcf7-form-control wpcf7-text wpcf7-validates-as-required\" autocomplete=\"name\" aria-required=\"true\" aria-invalid=\"false\" value=\"\" type=\"text\" name=\"your-name\" \/><\/span> <\/label>\n<\/p>\n<p><label> Ihre E-Mail-Adresse:<br \/>\n<span class=\"wpcf7-form-control-wrap\" data-name=\"your-email\"><input size=\"40\" maxlength=\"400\" class=\"wpcf7-form-control wpcf7-email wpcf7-validates-as-required wpcf7-text wpcf7-validates-as-email\" autocomplete=\"email\" aria-required=\"true\" aria-invalid=\"false\" value=\"\" type=\"email\" name=\"your-email\" \/><\/span> <\/label>\n<\/p>\n<p><label> Ihre Nachricht: (optional)<br \/>\n<span class=\"wpcf7-form-control-wrap\" data-name=\"your-message\"><textarea cols=\"40\" rows=\"10\" maxlength=\"2000\" class=\"wpcf7-form-control wpcf7-textarea\" aria-invalid=\"false\" name=\"your-message\"><\/textarea><\/span> <\/label>\n<\/p>\n<p><input class=\"wpcf7-form-control wpcf7-submit has-spinner wp-block-button__link wp-element-button\" type=\"submit\" value=\"Senden\" \/>\n<\/p><div class=\"wpcf7-response-output\" aria-hidden=\"true\"><\/div>\n<\/form>\n<\/div>\n<\/div>\n","protected":false},"excerpt":{"rendered":"<p>Haben Sie eine Kategorie, die in unserem Webverzeichnis fehlt? Helfen Sie uns, WebABC.info noch besser zu machen! Wir freuen uns \u00fcber Ihre Vorschl\u00e4ge f\u00fcr neue und passende Kategorien, um unser Verzeichnis weiter auszubauen und noch gezieltere Suchm\u00f6glichkeiten zu bieten. Ihr Vorschlag wird belohnt!Jeder akzeptierte Kategorievorschlag wird von uns mit einem&nbsp;50% Gutschein&nbsp;honoriert, den Sie f\u00fcr einen [&hellip;]<\/p>\n","protected":false},"author":1,"featured_media":0,"parent":0,"menu_order":0,"comment_status":"closed","ping_status":"closed","template":"","meta":{"footnotes":""},"class_list":["post-38","page","type-page","status-publish","hentry"],"_links":{"self":[{"href":"https:\/\/webabc.info\/docs\/wp-json\/wp\/v2\/pages\/38","targetHints":{"allow":["GET"]}}],"collection":[{"href":"https:\/\/webabc.info\/docs\/wp-json\/wp\/v2\/pages"}],"about":[{"href":"https:\/\/webabc.info\/docs\/wp-json\/wp\/v2\/types\/page"}],"author":[{"embeddable":true,"href":"https:\/\/webabc.info\/docs\/wp-json\/wp\/v2\/users\/1"}],"replies":[{"embeddable":true,"href":"https:\/\/webabc.info\/docs\/wp-json\/wp\/v2\/comments?post=38"}],"version-history":[{"count":2,"href":"https:\/\/webabc.info\/docs\/wp-json\/wp\/v2\/pages\/38\/revisions"}],"predecessor-version":[{"id":42,"href":"https:\/\/webabc.info\/docs\/wp-json\/wp\/v2\/pages\/38\/revisions\/42"}],"wp:attachment":[{"href":"https:\/\/webabc.info\/docs\/wp-json\/wp\/v2\/media?parent=38"}],"curies":[{"name":"wp","href":"https:\/\/api.w.org\/{rel}","templated":true}]}}